 + a + 3. Let k be g(-3). Suppose l - k = -l. What is the remainder when l is divided by 10?
8
Suppose -2*o + 3*c = -434 + 46, 4*o + 5*c = 798. Suppose 151 = 4*m + 3*d, m + o = 6*m + d. Calculate the remainder when m is divided by 14.
12
Suppose -u - 5*v = 3, -u = v + 2 - 3. Suppose -10 = -u*w + 14. Let x(b) = 3*b**2 + b + 4. Calculate the remainder when x(3) is divided by w.
10
Let v = -12 + 98. What is the remainder when v is divided by 11?
9
Let a = 9 + -4. Calculate the remainder when a is divided by (1 + -7)/(-3) + 3 + -2.
2
Suppose s - 3 = 20. Calculate the remainder when 135 is divided by s.
20
What is the remainder when 35 is divided by (2 + 7/(-2))/(13/(-104))?
11
Let a(r) = r**3 - 4*r**2 + r - 5. Let t be a(4). Let z = -20 - -12. What is the remainder when (z + 1)/(-2 - t) is divided by 4?
3
Let x(r) = -5*r**2 - 1. Let a be x(1). What is the remainder when ((-2)/a)/(1/93) is divided by 24/(-15)*(1 + -11)?
15
Let u(t) = -t**2 + 5*t - 2. Let f be u(2). Let d = -45 - -166. Suppose f*w = 43 + d. What is the remainder when w is divided by 14?
13
Suppose 2*s = 6*s - 12. Suppose s*f - 40 = f. Let l(t) = -t**3 + t**2 + 3*t + 1. What is the remainder when f is divided by l(-2)?
6
Let c(d) = -4*d + 2. Let m(w) be the second derivative of -w**5/20 + w**4/4 + w**3/2 - w**2/2 - 2*w. What is the remainder when c(-5) is divided by m(3)?
6
Let r(b) = -45*b**3 - b**2 + 1. Let s = 0 + -1. What is the remainder when r(s) is divided by 12?
9
Suppose -5*t + 7*t = 122. Calculate the remainder when t is divided by 32.
29
Let j(r) = -4*r**2 + 5*r**2 - 3 - r + 3*r - 6*r. Calculate the remainder when 69 is divided by j(-3).
15
Suppose 0 = 5*s + 5*x - 85, -x - 2 = -4. Calculate the remainder when s is divided by 7.
1
Suppose 2*k + 180 = 5*k. Suppose -75 = -5*l + k. Suppose 4*w - r = 30, 2*w - r + 5 = 3*w. What is the remainder when l is divided by w?
6
Let i(w) = w**3 - 15*w**2 - w + 22. Let b be (18/15)/(10/125). Let k(z) = -z**3 + z + 13. What is the remainder when k(0) is divided by i(b)?
6
Suppose -2*q - 6 = 0, -2*i + 4*q - q = -75. Suppose -i - 2 = -5*k. What is the remainder when k is divided by (-5)/(5/2) + 5?
1
Let u = -3 - -8. What is the remainder when 17 is divided by u?
2
Let u be ((-114)/4)/(1/(-2)). Let r = -39 + u. Suppose 4*g + o - r = 3*o, 5*g - 20 = 2*o. What is the remainder when 3 is divided by g?
1
Let o(l) = 2 + 4*l**2 + 3 + 5*l - 3 + l**3 - 2*l. Let q be o(-3). What is the remainder when 38 is divided by 23 + 1/q*-6?
18
Let i(x) = 5*x - 4. Calculate the remainder when (-33)/(-6)*6 + -2 is divided by i(4).
15
Let z(k) = 2*k**2 - k + 1. Suppose -23 = -2*q - 3*s, 9 + 2 = 2*q - s. Let u = -3 + q. Calculate the remainder when z(2) is divided by u.
3
Suppose 5*x = 2*q + 37, -2*x - q = -10 - 3. Calculate the remainder when 20 is divided by x.
6
Let l = 87 + -49. Suppose 4*d + 3 - 19 = 0. Suppose 2*r + r - 19 = -d*t, -5*r - t = -60. Calculate the remainder when l is divided by r.
12
Let w = 2 - -5. Let v = w - 5. Let z(m) = -m**3 - 10*m**2 + m + 12. Calculate the remainder when v is divided by z(-10).
0
Let n be 120/(-50) - 2/(-5). What is the remainder when n/7 - 466/(-14) is divided by 18?
15
Suppose -h = -3*r + h + 56, 0 = r - h - 19. Let i(k) = -7*k - 4. Suppose 0 = -3*b - 33 + 9. What is the remainder when i(b) is divided by r?
16
Suppose -5*t - 4*s = -0*t - 3, 3*t - s = -5. Let i = 11 + t. Calculate the remainder when 28 is divided by i.
8
Let c = -133 + 137. Suppose -36 = -4*t + 4*w, -3*t + 2*w = -2*w - 27. What is the remainder when t is divided by c?
1
Let d = 22 - 6. Let i = -11 + d. Suppose 3*m - 2*v - 40 = 0, 0 = v + 2*v - 3. Calculate the remainder when m is divided by i.
4
Suppose 2*a - 4*t = 30, 4*t + 0 = -a + 3. Suppose 4*g = 7 + 17. What is the remainder when a is divided by g?
5
Calculate the remainder when 133/4 - (-1)/(-4) is divided by 17.
16
Let u(s) be the first derivative of s**2 - 5*s - 1. What is the remainder when 2/(-7) + (-102)/(-14) is divided by u(4)?
1
Suppose -l = 4*x - 4, -3*l + 10 = -5*x + 32. Let r be x*-3*(-2)/6. Suppose r*f + 3*b = -b + 90, 205 = 5*f + 5*b. What is the remainder when f is divided by 13?
11
Let p = -18 + 26. Suppose -16 = -5*c - 6. Suppose p = -0*d + c*d. What is the remainder when 10 is divided by d?
2
Let u = -32 + 54. Let a(l) = -3*l + 17. Let i(m) = m - 6. Let b(d) = -2*a(d) - 7*i(d). What is the remainder when u is divided by b(0)?
6
Calculate the remainder when 5*(3 - (3 + -1)) is divided by 3.
2
Let v(c) = c**3 + 8*c**2 + 6*c - 3. Let y be v(-7). Calculate the remainder when 27 is divided by y/6 + 40/3.
13
Suppose 3*s + 6*b = 2*b + 13, 24 = 4*s + 2*b. Calculate the remainder when 15 - (-2)/2 - -2 is divided by s.
4
Let b(p) be the second derivative of -p**3/6 - 5*p**2/2 - 8*p. Calculate the remainder when 17 is divided by b(-10).
2
Suppose -5*t = 5*d - 155, 3*d = -4*t - 51 + 140. Let s(k) = -23*k**2 - 1. Let p be s(1). Let a = -15 - p. What is the remainder when d is divided by a?
8
Suppose -3*a = -5 - 7. Let u(n) = n**3 - 3*n**2 - 3*n - 2. Let s be u(a). Suppose s*m = 15 + 7. Calculate the remainder when 32 is divided by m.
10
Calculate the remainder when 2/(-4) + (-1308)/(-24) is divided by 14.
12
Let f(i) = -2*i**2 + 2*i - 6. Let l(p) = 3*p**2 - 4*p + 12. Let m(t) = -5*f(t) - 3*l(t). What is the remainder when m(-8) is divided by 15?
12
Let r = 34 - 75. Calculate the remainder when (-5)/(5/3) - r is divided by 20.
18
What is the remainder when ((42/9)/((-4)/(-36)))/1 is divided by 11?
9
Suppose j - 2*j - 3*v - 33 = 0, -38 = j + 4*v. Calculate the remainder when 6 is divided by (-275)/(-99) + (-4)/j.
0
Let o = -8 - -37. Calculate the remainder when 112 is divided by o.
25
Suppose 4*h = 2 + 2. Let m(a) = -5*a + 1. Let p be m(h). What is the remainder when p*(-1 + -1) + -1 is divided by 3?
1
Suppose 3*x + 42 = 4*d, -3*d + 10 = 4*x - 9. What is the remainder when 23 is divided by d?
5
Let l(y) = -y**2 - 8*y - 8. Suppose d - 37 = 5*q, -6*d + 2*d - 27 = 5*q. Let a be l(q). Calculate the remainder when (-38)/(a - (-3)/(-3)) is divided by 11.
8
Let n(j) = -2*j + 3. Let a be (26/(-6))/((-3)/(-9)). Let g = a - -7. Calculate the remainder when 28 is divided by n(g).
13
Let l(g) = 4*g**2 - g + 1. Let r be l(2). Let t = r - 1. What is the remainder when 25 is divided by t?
11
Let f(o) = o**3 - 5*o**2 - 5*o - 2. Let j be f(6). Let n(m) = 6 - 5*m + 0*m**2 + 4*m**2 - 4. What is the remainder when n(j) is divided by 16?
14
Suppose 4*y = 2*d - 2, 3*y - 4*d + d = 0. Calculate the remainder when 1 + -1 - (-38 - y) is divided by 10.
7
Let r(w) = -w**3 + w**2 + 2*w - 1. Let z be (-2 - -2) + -5 + 3. Calculate the remainder when r(z) is divided by 2.
1
Let v(t) = 18*t**3 - t**2 + t. Let w be v(1). Let o = w - 11. What is the remainder when 19 is divided by o?
5
Let d = -6 + 9. Calculate the remainder when 7 is divided by d.
1
Let c = -14 - -25. Calculate the remainder when c is divided by 5.
1
Let n = -3 - -21. Calculate the remainder when 34 is divided by n.
16
What is the remainder when ((-2)/4)/((-3)/246) is divided by 14?
13
Let m = 4 - 11. Let h = -1 - m. Let u = 3 + h. What is the remainder when 25 is divided by u?
7
Let x(g) = -g - 2. Let w be x(-6). Let k = w + 13. What is the remainder when 31 is divided by k?
14
Suppose -4*q + 252 = 2*h, 0 = -0*h + 3*h + 5*q - 375. Suppose 4*i = 4*k + h, -5*k = i - 4 - 8. Calculate the remainder when i is divided by 7.
6
Suppose 2*b = -3*b. Suppose b = t - 0*t - 5. Calculate the remainder when 13 is divided by t.
3
Suppose 4*z + 0*z + 28 = 0. Let w = 2 - z. Calculate the remainder when 26 is divided by w.
8
Suppose 0 = -t - 29 + 148. What is the remainder when t is divided by 30?
29
Suppose 0*y + 492 = 4*v - 5*y, 268 = 2*v + 3*y. Calculate the remainder when v is divided by 26.
24
Suppose 0 = -15*n + 8*n + 539. What is the remainder when n is divided by 16?
13
Let d be (-8)/6*(1 - -5). What is the remainder when 19 is divided by 7 - (d + 2 - -3)?
9
What is the remainder when 1/(-3 + (-200)/(-65)) is divided by 4?
1
Suppose 4*q - 13*q + 54 = 0. Calculate the remainder when 28 is divided by q.
4
Let v = 10 + -8. Suppose 4*r = -4, 2*o + 4*r = v*r + 54. What is the remainder when o is divided by 10?
8
Suppose 2*u - 2*l = -2*u + 18, -43 = -4*u - 3*l. What is the 